*r - 485081 + 111548 = 995576. What is the units digit of r?
1
Let g = 169 + 22. Let b = 326 - g. Let z = b - 61. What is the tens digit of z?
7
Suppose 286978 + 475022 = 50*y. What is the thousands digit of y?
5
Let x(n) = 0*n - 8*n**2 + 9*n**2 + 4*n - 8. Let u be x(-5). Let r = 96 - u. What is the tens digit of r?
9
Let a(f) = 1 - 57*f + f**2 + 84*f + f**2 - 39*f. Let t be a(7). What is the tens digit of 60 - ((-21)/t + 6/15)?
6
Suppose -2*f + 12 = -2*b - 0, 4*f = b + 12. What is the tens digit of 411 - (-4 + -1 - b)?
1
Let h(p) = -p**2 - 263*p + 1508. What is the units digit of h(-108)?
8
Suppose -29013 - 35621 - 44674 = -4*b. What is the ten thousands digit of b?
2
Let z(o) = 1240*o + 110. What is the thousands digit of z(10)?
2
Let p(u) = 69*u**3 - 7*u**2 + 31*u - 97. What is the units digit of p(6)?
1
Suppose -11*m + 6369 = -8*m. Suppose 5*w - 802 = m. What is the hundreds digit of w?
5
Let p be ((-14)/28)/((-1)/6). Suppose -57 = -p*z + 1926. What is the units digit of z?
1
Let v(k) = -k**2 + 13*k - 13. Let s = 5 - -7. Let f be v(s). What is the units digit of (f/(-2))/((3 + -2)/2)?
1
Let z = -38645 - -56912. What is the hundreds digit of z?
2
Let j(h) = -h**3 - 4*h**2 + 2*h + 10. Let p be j(-2). What is the units digit of ((-1610 - p)/4)/(-1)?
2
Suppose 3*f + 3122 = u, 5*f + 5*u - 836 = -6046. Let m = f - -2198. What is the tens digit of m?
5
Let o(j) = 28 - 5*j + 11*j - j**2 - 4*j - 5*j. Let p be o(4). Suppose -k + 170 = 3*c, -5*k - 4*c + 621 + 273 = p. What is the hundreds digit of k?
1
Let w(b) = b**3 - 7*b**2 - 8*b - 1. Let d be w(11). What is the units digit of (d - 7) + (0 - 1)?
7
Suppose -35031334 = -590*a + 5732946. What is the tens digit of a?
9
Suppose 14*c - 2694 - 23094 = 0. What is the tens digit of c?
4
Let s = -26 + 29. Let l be s/(-12) + -406*(-3)/8. Suppose 3*a - 70 = l. What is the units digit of a?
4
Let r = 11629 - 4199. What is the units digit of r?
0
Suppose 0 = -19*r + 84776 + 51378. What is the thousands digit of r?
7
Let a = -519 + 643. What is the units digit of (a/(-4))/((-1)/2)?
2
Suppose -5*a + 2*a - 4*x + 21 = 0, 4*x = a + 9. Let o be (-24)/(-9) + 1/a. Suppose -325 = -5*m - 5*v, -m + 0*v + 53 = -o*v. What is the tens digit of m?
6
Let n = -86 - -44. Let l = -4 - n. What is the units digit of l?
8
Suppose 0 = -2*j - l + 667, 1337 = -4*j + 8*j + 3*l. Suppose 5*x = 213 + j. What is the hundreds digit of x - ((-10 - -4) + 1)?
1
Let z(b) = 74*b - 169. Let o = -201 - -217. What is the thousands digit of z(o)?
1
Let p = 101 + -48. What is the tens digit of 0 - p*(-7)/(21/27)?
7
What is the units digit of ((-11453766)/(-4806))/(1/9)?
9
Suppose -4*m + 501914 - 103096 = 11*d, 3*m - 145017 = -4*d. What is the ten thousands digit of d?
3
Let r = 532 - 60. Let m = -110 + r. What is the tens digit of m?
6
Let m(z) = 2*z**2 + 65*z - 1274. What is the tens digit of m(28)?
1
Suppose -34*v + 30*v + 76 = 0. Let u(z) = v*z - 10*z**3 - 5*z - 1 - 2 + 5*z**2 - 15*z. What is the tens digit of u(-2)?
9
Let x(u) = 537*u - 2952. What is the hundreds digit of x(45)?
2
Let i be (8 + -4)*18/8. Let x be (i/6)/(9/48). What is the tens digit of 0 + 0 + x + 73?
8
Let b be (51/(-9))/(3/99). Let y = b - -25. Let g = y + 236. What is the units digit of g?
4
Suppose 2*f - 15985 = -5*n, n = 180*f - 177*f - 24003. What is the hundreds digit of f?
0
Let r(u) = u**3 - 47*u**2 - 31*u - 30. What is the tens digit of r(56)?
5
Let v(n) = 2*n**3 - n + 2. Let o be v(1). Let d(h) be the second derivative of 7*h**5/20 - h**4/12 - 2*h**3/3 + 3*h**2 + h. What is the units digit of d(o)?
4
Let p = 9 + 24. Suppose 0 = 2*h + 13*h - 2*h - 364. Suppose p = 29*g - h*g. What is the tens digit of g?
3
Suppose -5 = f - 0*f, -3*b - 2*f + 20 = 0. Let r be b/(-4 - (-4)/2). Let m(n) = -n**2 - 6*n + 4. What is the units digit of m(r)?
9
Let b = 125 - 79. Let u be b/(-115) - (-44)/10. What is the units digit of -1 + 151 + u + 0?
4
Let c(o) be the third derivative of 0 + 1/120*o**6 + 0*o - 7/60*o**5 - 8/3*o**3 - 1/3*o**4 - 6*o**2. What is the units digit of c(9)?
4
Suppose -20*l + 2*l + 16*l + 15204 = 0. What is the tens digit of l?
0
Let o be 8 + -3 - (6 - 4) - 1. Suppose o*j + 3375 = 17*j. What is the tens digit of j?
2
Suppose 0 = -54*z + 2*z - 55*z + 4097458. What is the tens digit of z?
9
Let u = 52 - 62. Let n = u - -12. Suppose -n*r + 227 = -z - 104, -4*r + 677 = z. What is the hundreds digit of r?
1
Suppose 3*s - 145493 = 2*p, -2*s + 58*p - 57*p + 96993 = 0. What is the hundreds digit of s?
4
Let a = 171 - -295. Let s = a - -410. What is the units digit of s?
6
Let c(v) = v**2 + 207*v - 49. What is the hundreds digit of c(18)?
0
Let q = -81 - -86. Suppose 0 = h - 4*g + 15, -2*h = -h + 5*g - 30. Suppose h*k = -q*z + 4*z + 285, -63 = -k + z. What is the units digit of k?
8
Let v be (4*14/(-4))/1. Let r(l) = l**3 + 13*l**2 - 16*l + 11. Let x be r(v). What is the tens digit of x*(-9)/(81/(-6))?
2
What is the tens digit of ((-339 - 3)/(-3))/(((-209)/(-2774))/11)?
4
Suppose 4*d + 3*m + 5283 = 13693, 2*d + 2*m = 4206. What is the tens digit of d?
0
Suppose -84 = 4*d + 9*b - 13*b, 0 = 4*d + 3*b + 105. What is the thousands digit of 8606*(-2)/(-16) + 18/d?
1
Let a(g) = -402*g - 1315. What is the thousands digit of a(-43)?
5
Let w(g) = -288*g - 850. What is the units digit of w(-114)?
2
Let n(l) = 474 + l**3 + l**2 + 2*l - 474. Let g be n(0). What is the tens digit of 267 - (g - (-2 + -2))?
6
Suppose 8*l + 495441 = -352239. What is the tens digit of ((-7)/3 + 2)/(40/l)?
8
Suppose 0 = 838*u - 833*u - 2295. What is the tens digit of u?
5
What is the hundreds digit of (2/(-12))/(90/(-240)) - 3214610/(-63)?
0
Let z(m) = -m**3 + 13*m**2 - 21*m + 15. Let q(c) = -2*c**3 - 25*c**2 - 11*c + 20. Let u be q(-12). What is the tens digit of z(u)?
6
Let b(n) = -n**2 + n + 78. Let q(h) = -2*h - 8. Let m be q(-4). Let t be b(m). Let j = t - 6. What is the tens digit of j?
7
Let v(g) = 1792*g**2 - 165*g + 23. What is the thousands digit of v(3)?
5
Let y(r) = r**3 - 38*r**2 - 63*r + 26. Let n = 193 + -153. What is the tens digit of y(n)?
0
Let x = -20636 - -12600. What is the units digit of (1 - -3)/(-6 - x/1337)?
2
What is the tens digit of 1 - (2/(-5))/((-2)/86860*-2)?
8
Suppose -11*j - g = -13*j + 26959, 26944 = 2*j + 2*g. What is the units digit of j?
7
Let p(m) = 565*m**2 + m - 17. What is the units digit of p(4)?
7
Suppose -3*v + 21 = -0. Suppose 0 = -11*q + 10*q + 5. Suppose v - 397 = -q*t. What is the tens digit of t?
7
Let t be (-7)/(-2)*4/7. Suppose 0 = 5*u + 2*x + 10, 4 = -t*u + x - 2*x. What is the hundreds digit of (u + 1)*136*(-3)/3?
1
Suppose -4*h = 3*x - 45, 0 = 5*x - 3*x - 6. Suppose 0 = 5*s - h*s - 8. What is the tens digit of ((-174)/9 - s)*105/(-10)?
8
Let f(n) be the second derivative of -11*n**3/3 - 13*n**2 + 16*n - 1. What is the tens digit of f(-18)?
7
Suppose 2*r - 4460 - 366 = 4*u, 3*r + 2*u - 7231 = 0. What is the thousands digit of r?
2
Let y(f) = 4*f**2 - 9*f + 9. Suppose -16*g = -4*g - 120. Suppose g*d = 85 - 15. What is the units digit of y(d)?
2
Suppose -2*i + 51358 = 3*g + 3750, 5*i - 119006 = -4*g. What is the tens digit of i?
9
Suppose 2*r = 3*i - 124159, -2*r - 102293 = -4*i + 63251. What is the hundreds digit of i?
3
Let n = -25 - -30. Suppose n*h + 365 = -40. What is the units digit of h/(-54)*(0 + 166/3)?
3
Let v(r) = 61*r**2 + 3*r - 50. What is the tens digit of v(-17)?
2
Let b be (5 + -7 + 3)*-12. Let j be 66/2 + 9 + b. Suppose 0 = 26*q - j*q + 180. What is the tens digit of q?
4
Let x(z) = z**3 - 2*z**2 + 5*z + 17. Let b be x(4). Let j be 4/(-22) - 172/22. Let q = j + b. What is the tens digit of q?
6
Let h(n) = 22*n**2 + 20*n + 44. Let w be h(-2). Let o = -8 - 37. Let i = o + w. What is the tens digit of i?
4
Let s be 4 - (4/(-10) + 16338/(-5)). Suppose -36*m - s = -40*m. What is the units digit of m?
8
Let v be 0/2 + (5 - 1) + 8. What is the hundreds digit of 692 + 5 - -6*8/v?
7
Let s(i) = 5*i - 43. Let p be s(9). Suppose -p*n - 3*d + 1694 = 0, 4*n + 9*d - 4*d = 3384. What is the tens digit of n?
4
Let q(w) = 907*w**2 - 179*w - 915. What is the ten thousands digit of q(-5)?
2
Suppose 3*r - 5*r - 4*c - 26 = 0, 4*r + 16 = c. What is the hundreds digit of 298 + 43 - r/(-1)?
3
Let o = 26615 + -4104. What is the thousands digit of o?
2
Let w(b) = -b*